13). Calculate the remainder when u is divided by (-5 - -3) + n*(-2)/2.
3
Suppose -24*t + 85 = 13. Suppose -27 = -g - 5*p, 30 = 4*g + 3*p + 7. What is the remainder when t is divided by g?
1
Let d(c) = c**2 - 9*c + 28. Let z be d(5). Calculate the remainder when z/(((-4)/8)/(14/(-4))) is divided by 12.
8
Calculate the remainder when (-10)/(-30)*(3/3 - -749) is divided by 85.
80
Let m = -236 - -287. What is the remainder when 184 is divided by m?
31
Suppose -5*s + 5*h = -305, -5*s - 2*h + 345 - 12 = 0. What is the remainder when 146 is divided by s?
16
Let g(p) = -p**2 + 17*p - 12. Let d be g(16). Calculate the remainder when d/(-6) - 94/(-6) is divided by 4.
3
Let t(f) = 14*f**2 + 21*f**3 - 20*f**3 - 38 - 39*f + 3. What is the remainder when t(-16) is divided by 39?
38
Suppose 0 = 2*i - 6*i - 12. What is the remainder when 35 is divided by i + (-4 - -6) - -13?
11
Let t = 34 + -22. Suppose 0*g - z = -g, -2*z + 15 = 3*g. Let b(l) = 3*l**2 - l - 4. What is the remainder when b(g) is divided by t?
8
Let v = -47 + 114. Let p(x) = -x**2 + 7*x + 4. What is the remainder when v is divided by p(6)?
7
Suppose -3*d + 2 - 5 = 0, 5*s - 290 = -5*d. What is the remainder when 285 is divided by s?
49
Let h = -212 - -249. What is the remainder when 82 is divided by h?
8
Let r(x) = x**3 + 21*x**2 - 12*x - 109. Calculate the remainder when r(-20) is divided by 2.
1
Suppose 64 - 49 = 3*j. Calculate the remainder when j is divided by 2.
1
Let i = 17 + -3. Let m = 1300 + -1189. What is the remainder when m is divided by i?
13
Suppose -3*o = o - 40. Suppose 0 = -8*h + 3*h + o. Suppose 9 = -h*a + 51. Calculate the remainder when a is divided by 6.
3
Suppose 253*o - 206*o = 2679. Calculate the remainder when 92 is divided by o.
35
Suppose 0 = -0*t + 3*t + 4*k - 9, 0 = -5*t - 4*k + 15. Let f be -4 - ((0 - t) + 5). What is the remainder when (576/60)/(f/(-20)) is divided by 7?
4
Suppose 16*t = 151 + 505. Calculate the remainder when 161 is divided by t.
38
Let y = 64 + -51. Suppose -a + 0 = 2*r - 5, 2*r + 4 = 2*a. What is the remainder when y is divided by a?
1
Suppose 532 = 23*o - 4*o. Calculate the remainder when 80 is divided by o.
24
Let q = -741 - -847. Calculate the remainder when q is divided by 9.
7
Suppose 4*d - 44 = 2*v, 2*d + 3*v + 30 = 4*d. Let n = -45 - -60. Calculate the remainder when n is divided by d.
6
Suppose 323*m - 315*m - 144 = 0. What is the remainder when 772 is divided by m?
16
Let u(h) = 2*h**2 - 3*h - 16. Let b be u(-3). Suppose 0 = b*f - 7*f - 28. What is the remainder when 11 is divided by f?
4
Suppose -10 = -5*s + 7*s. Let a be (0 - -10)/s*-1. Suppose -o = d - 92, -454 = -5*o + 3*d - a*d. What is the remainder when o is divided by 23?
22
Calculate the remainder when 120 is divided by (-8 + 10)/(6/123).
38
Let z be (1/(-3))/((-9)/(-2133)). Let t = -61 - z. Calculate the remainder when 177 is divided by t.
15
Let a be (3/6 + 1)*10/3. Suppose -a*q + 3*b + 128 = -0*b, -5*q - 3*b = -122. Calculate the remainder when 71 is divided by q.
21
Suppose -14 = r - 16. What is the remainder when (-3 + 37/r)*2 is divided by 16?
15
Let y = -51 - -105. Suppose 2*v - 5*v + y = 0. Let u = v - 15. Calculate the remainder when 9 is divided by u.
0
Let h(r) = 3*r**2 + r - 1. Let n be h(1). Suppose 5*s = -2*u - n*u + 55, -2*s - 5*u + 22 = 0. What is the remainder when s is divided by 4?
3
Suppose -6*q + 6 = -3*q. Calculate the remainder when -1 + 4 + (-1 - -3) is divided by q.
1
Let n = -71 - -75. Suppose 5*f = n*o - 58, 0*f - 4*f = 8. Calculate the remainder when 35 is divided by o.
11
Suppose -67 + 259 = 4*w. Let s = 75 - w. Let h = s - 16. Calculate the remainder when 20 is divided by h.
9
Suppose 261*l = 253*l + 1288. Calculate the remainder when l is divided by 70.
21
Let c(k) = 14*k + 34. Let w be c(6). Suppose -5*i + 3*i + w = 0. Calculate the remainder when i is divided by 16.
11
Suppose 0 = 17*w - 9*w - 2608. Calculate the remainder when w is divided by 66.
62
Suppose -3*o + 2*o + 3224 = 4*z, -2*o = 4*z - 3228. Let v = -24 - -26. Calculate the remainder when z/7*v/5 is divided by 24.
22
Suppose 105*i = 109*i - 1216. What is the remainder when 107 is divided by 190/25 + -7 - i/(-10)?
14
Let t(m) = 2*m**2 - 4*m - 26. Let a be t(-5). Suppose -4*x + a + 11 = -g, -42 = -3*x + g. What is the remainder when 33 is divided by x?
7
Let a(l) = -5*l - 11. Let o be a(13). Let h be 2*-2*o/16. Let b = h + 3. Calculate the remainder when b is divided by 8.
6
Let p(v) = v**3 + 17*v**2 + 14*v + 10. What is the remainder when p(-13) is divided by 46?
44
Let r(x) = x**3 - 10*x**2 + 14*x - 11. Let m(k) = 7*k - 26. Let u be m(5). What is the remainder when r(u) is divided by 7?
6
Let n be (-22)/55 + (-27)/(-5). Suppose 2*u + 23 - 151 = -2*m, -196 = -3*m - 2*u. What is the remainder when m is divided by 46/n*(-50)/(-20)?
22
Suppose 39*n - 35*n = -q + 16, 0 = 5*q - n - 164. Calculate the remainder when 92 is divided by q.
28
Let h(j) = -j + 1. Let o(w) = -73*w + 6. Let l(u) = -4*h(u) + o(u). Let z be l(-2). Suppose -f + z = 3*f. What is the remainder when f is divided by 18?
17
Let g be (18/45)/((-2)/30). What is the remainder when 40 is divided by 13 + g/(-4 + -2)?
12
Let s(m) = -4 + 2 - 4 - 4*m - 12. Suppose 43 + 11 = l. What is the remainder when l is divided by s(-8)?
12
Calculate the remainder when (-974)/(-14) + -3 - (-18)/42 is divided by 23.
21
What is the remainder when 108 is divided by (-7 + 42/(-24))*-4 - 6?
21
Let k = 551 + -534. What is the remainder when (3 - 4)*(-100 + 1) is divided by k?
14
Suppose 690 = -3*g + 9*g. Suppose 2*c - 68 = -2*z, -z - g = -5*z + 3*c. What is the remainder when z is divided by 16?
15
Let t(i) = i**2 + 4*i**2 - i**2 - 3*i**2. Let r(d) = -2*d**2 - 3*d + 1. Let z(s) = r(s) + 3*t(s). What is the remainder when 4 is divided by z(3)?
0
Suppose -t = 4*u - 57, -3*u + 145 = 4*t - 148. Suppose 241 = 4*p + 3*a - 85, p + 3*a = t. What is the remainder when p is divided by 17?
15
Let a(q) = 6*q - q**3 + 14*q**2 + 10 - 4*q**2 - 3*q. What is the remainder when a(10) is divided by 15?
10
Let c be 2*(1 - 0) - 0/(-7). Let s(a) = 11*a - 3. What is the remainder when 25 is divided by s(c)?
6
Let w(g) = g**2 + 2*g - 1. Suppose -4*t = 2*j - 4 - 10, 4*j = 5*t + 2. Let s(r) = 10*r + 2. Calculate the remainder when s(1) is divided by w(t).
5
Let x(o) = -10*o - 5. Let g be x(-3). Suppose 3*j - g - 61 = -4*n, 4*j = -n + 15. Suppose n = b - 9. Calculate the remainder when b is divided by 7.
4
Let s(y) = 2*y**2 - 10*y - 11. Calculate the remainder when s(9) is divided by (-6)/(69/(-21) + 3).
19
Let k be 4/(-16) + 98/8. Let q = 241 - 168. What is the remainder when q is divided by (74/(-3))/((-8)/k)?
36
Let o = -316 + 339. What is the remainder when 86 is divided by o?
17
Let t(v) = v**2 - 10*v - 5. What is the remainder when 1/2 + 50/4 is divided by t(11)?
1
Suppose 0 = -0*h + 5*h - 20. Suppose 4*j = -z - 4*z + 8, j - 2 = -h*z. Suppose -j + 6 = v. What is the remainder when 9 is divided by v?
1
Let m(l) = -2*l**3 - l**2 - l. Let r be m(-2). Suppose -186 = -8*v + r. Calculate the remainder when v is divided by 13.
12
Let i(s) = s**3 + 13*s**2 + 8*s + 7. Let w be i(-12). Suppose -4*d + w = 5*g, 0 = -4*g - 4*d - 3 + 43. What is the remainder when g is divided by 8?
7
Suppose -7 = -f - 3*g + 46, -2*f + 97 = -3*g. What is the remainder when f is divided by 19?
12
Let b be ((-14)/(-8))/((-2)/(-32)). Suppose -3*q + b = -5. Let x(t) = t**2 + 10*t + 38. Calculate the remainder when x(-9) is divided by q.
7
Suppose 1 = -x - 4, w + 2*x = -8. Let q = 14 - 0. Calculate the remainder when (3/w)/((-3)/(-80)) is divided by q.
12
Let g = 9 - 6. Suppose g*r - 6 = r. Calculate the remainder when 10 is divided by r.
1
Let n(o) = o**2 - 8*o + 7. Let y be n(7). Let r(z) = -z - 12. Let d be r(y). Let k = d - -28. Calculate the remainder when 63 is divided by k.
15
Let g = 16 - -11. Calculate the remainder when 97 is divided by (-61)/(-3) + (-9)/g - 0.
17
Let m(p) = 19*p**3 + 2*p**2 - 2. Let z be m(-2). Let h = z + 174. Calculate the remainder when h is divided by 11.
6
Let i(g) = -3*g - 23. Let d be i(-10). What is the remainder when ((-38)/(-4))/(d/14) is divided by 7?
5
Suppose 27*z = 23*z - 100. Let a = z - -32. Calculate the remainder when a is divided by 5.
2
Suppose 0 = -9*j